the prime factors of 6677829?
3, 167, 1481
List the prime factors of 1383321.
3, 233, 1979
What are the prime factors of 5310672?
2, 3, 31, 43, 83
What are the prime factors of 10385231?
43, 241517
What are the prime factors of 934397?
113, 8269
What are the prime factors of 74872?
2, 7, 191
List the prime factors of 594754.
2, 297377
What are the prime factors of 108772?
2, 71, 383
What are the prime factors of 1396953?
3, 31, 1669
List the prime factors of 954367.
954367
What are the prime factors of 771588?
2, 3, 21433
List the prime factors of 331498.
2, 165749
List the prime factors of 732195.
3, 5, 53, 307
List the prime factors of 18668153.
7, 983, 2713
What are the prime factors of 403851?
3, 7, 19231
What are the prime factors of 1166547?
3, 43, 9043
What are the prime factors of 4575417?
3, 7, 11, 29, 683
List the prime factors of 679251.
3, 257, 881
What are the prime factors of 1687898?
2, 761, 1109
List the prime factors of 1170076.
2, 17, 17207
List the prime factors of 28710343.
28710343
What are the prime factors of 1769850?
2, 3, 5, 19, 23
List the prime factors of 223845.
3, 5, 14923
List the prime factors of 35122954.
2, 641, 27397
List the prime factors of 1275949.
751, 1699
List the prime factors of 712416.
2, 3, 41, 181
What are the prime factors of 533?
13, 41
What are the prime factors of 66808?
2, 7, 1193
List the prime factors of 14798185.
5, 47, 62971
What are the prime factors of 128698?
2, 229, 281
List the prime factors of 10083171.
3, 7, 41, 239
What are the prime factors of 7625623?
193, 39511
List the prime factors of 1294490.
2, 5, 129449
List the prime factors of 2828504.
2, 7, 53, 953
What are the prime factors of 34115356?
2, 11, 775349
What are the prime factors of 26598?
2, 3, 11, 13, 31
List the prime factors of 385578.
2, 3, 31, 691
What are the prime factors of 4003294?
2, 127, 15761
What are the prime factors of 1105860?
2, 3, 5, 7, 2633
List the prime factors of 243200.
2, 5, 19
What are the prime factors of 683829?
3, 19, 31, 43
What are the prime factors of 268627?
29, 59, 157
List the prime factors of 134841.
3, 7, 6421
List the prime factors of 8232291.
3, 191, 4789
What are the prime factors of 127955?
5, 157, 163
What are the prime factors of 242525?
5, 89, 109
What are the prime factors of 777365?
5, 155473
List the prime factors of 160704.
2, 3, 31
What are the prime factors of 11216596?
2, 73, 107, 359
What are the prime factors of 12415000?
2, 5, 13, 191
What are the prime factors of 1715554?
2, 491, 1747
List the prime factors of 456573.
3, 13, 23, 509
What are the prime factors of 82977?
3, 17, 1627
List the prime factors of 10015627.
10015627
List the prime factors of 9483719.
7, 59, 22963
List the prime factors of 20145.
3, 5, 17, 79
List the prime factors of 2412157.
11, 103, 2129
What are the prime factors of 347773?
347773
List the prime factors of 21890946.
2, 3, 7, 11, 967
What are the prime factors of 1726496?
2, 163, 331
List the prime factors of 26314586.
2, 13157293
List the prime factors of 7637836.
2, 37, 51607
What are the prime factors of 750783?
3, 11, 22751
What are the prime factors of 324261?
3, 7, 5147
What are the prime factors of 4443560?
2, 5, 11, 10099
List the prime factors of 463795.
5, 23, 37, 109
What are the prime factors of 43823056?
2, 2738941
What are the prime factors of 1444400?
2, 5, 23, 157
What are the prime factors of 2743614?
2, 3, 152423
List the prime factors of 8309672.
2, 7, 148387
List the prime factors of 304794.
2, 3, 7, 41, 59
List the prime factors of 492199.
139, 3541
List the prime factors of 179154.
2, 3, 37, 269
What are the prime factors of 242537?
409, 593
List the prime factors of 3135546.
2, 3, 174197
List the prime factors of 228259.
17, 29, 463
List the prime factors of 11328086.
2, 7, 11, 17, 4327
What are the prime factors of 10126514?
2, 67, 75571
What are the prime factors of 2624180?
2, 5, 13, 10093
List the prime factors of 944915.
5, 188983
List the prime factors of 281880.
2, 3, 5, 29
What are the prime factors of 13105433?
11, 47, 25349
List the prime factors of 11419805.
5, 313, 7297
What are the prime factors of 281996?
2, 11, 13, 17, 29
What are the prime factors of 1070467?
71, 15077
What are the prime factors of 1124055?
3, 5, 24979
What are the prime factors of 3333168?
2, 3, 79, 293
List the prime factors of 2371044.
2, 3, 13, 15199
What are the prime factors of 76210?
2, 5, 7621
What are the prime factors of 104527?
104527
List the prime factors of 900211.
13, 69247
What are the prime factors of 5657539?
521, 10859
List the prime factors of 10245252.
2, 3, 31, 27541
What are the prime factors of 4952123?
11, 450193
List the prime factors of 677401.
131, 5171
What are the prime factors of 173864?
2, 103, 211
List the prime factors of 385522.
2, 53, 3637
What are the prime factors of 14103697?
37, 381181
What are the prime factors of 3797706?
2, 3, 11, 5231
List the prime factors of 108337.
131, 827
What are the prime factors of 1988482?
2, 994241
List the prime factors of 495933.
3, 165311
What are the prime factors of 33572?
2, 7, 11, 109
List the prime factors of 5303567.
5303567
What are the prime factors of 6066720?
2, 3, 5, 11, 383
List the prime factors of 8098408.
2, 19, 53279
What are the prime factors of 3062430?
2, 3, 5, 7, 4861
List the prime factors of 451833.
3, 150611
List the prime factors of 15519243.
3, 37, 139813
List the prime factors of 126310.
2, 5, 17, 743
What are the prime factors of 3796067?
11, 19, 41, 443
What are the prime factors of 2808015?
3, 5, 7, 47, 569
List the prime factors of 885689.
7, 29, 4363
List the prime factors of 13999816.
2, 97, 18041
List the prime factors of 10152021.
3, 11, 27967
What are the prime factors of 184921?
11, 16811
List the prime factors of 168778.
2, 84389
What are the prime factors of 1825619?
349, 5231
List the prime factors of 28350926.
2, 19, 31, 41, 587
List the prime factors of 28529608.
2, 1699, 2099
What are the prime factors of 1162443?
3, 17, 23, 991
What are the prime factors of 3248788?
2, 379, 2143
What are the prime factors of 2327779?
569, 4091
List the prime factors of 339936.
2, 3, 3541
List the prime factors of 14378447.
17, 271, 3121
List the prime factors of 149724.
2, 3, 4159
List the prime factors of 5755927.
1787, 3221
What are the prime factors of 4938853?
4938853
What are the prime factors of 481092?
2, 3, 47, 853
List the prime factors of 914043.
3, 13, 23, 1019
What are the prime factors of 866512?
2, 31, 1747
What are the prime factors of 83331?
3, 47, 197
What are the prime factors of 2046340?
2, 5, 102317
List the prime factors of 3048652.
2, 37, 20599
List the prime factors of 23415804.
2, 3, 72271
What are the prime factors of 142582?
2, 11, 6481
What are the prime factors of 320591?
320591
What are the prime factors of 3244807?
17, 190871
What are the prime factors of 1226557?
1226557
List the prime factors of 278419.
433, 643
List the prime factors of 2198072.
2, 19, 14461
List the prime factors of 7518919.
47, 159977
What are the prime factors of 4330582?
2, 2165291
List the prime factors of 58497.
3, 17, 31, 37
What are the prime factors of 103821?
3, 34607
List the prime factors of 507349.
507349
List the prime factors of 2368529.
41, 1409
What are the prime factors of 830005?
5, 11, 15091
List the prime factors of 876010.
2, 5, 17, 5153
What are the prime factors of 224272?
2, 107, 131
List the prime factors of 7286108.
2, 311, 5857
What are the prime factors of 4436465?
5, 11, 7333
List the prime factors of 7867522.
2, 13, 302597
List the prime factors of 252309.
3, 31, 2713
List the prime factors of 18460152.
2, 3, 256391
List the prime factors of 804044.
2, 201011
What are the prime factors of 19932?
2, 3, 11, 151
What are the prime factors of 16937425?
5, 59, 11483
List the prime factors of 8380319.
163, 51413
What are the prime factors of 933112?
2, 116639
What are the prime factors of 19250399?
7, 193, 14249
What are the prime factors of 759847?
11, 67, 1031
What are the prime factors of 183099?
3, 7, 8719
What are the prime factors of 890982?
2, 3, 49499
What are the prime factors of 2152636?
2, 538159
List the prime factors of 14618999.
19, 769421
What are the prime factors of 253801?
253801
List the prim